012
-2477 (base 9) to base 15
-837
-100222 (base 5) to base 2
-110001110011
What is -2367 (base 16) in base 12?
-52b3
What is -107 (base 16) in base 8?
-407
Convert 225312 (base 6) to base 9.
28468
Convert 11121 (base 3) to base 9.
147
3758 (base 9) to base 4
223313
-c42 (base 14) to base 16
-96a
What is -23 (base 14) in base 2?
-11111
-400242 (base 5) to base 12
-7338
Convert 5530 (base 13) to base 10.
11869
Convert -211112010 (base 3) to base 12.
-9603
13584 (base 10) to base 11
a22a
What is -13a2 (base 16) in base 5?
-130101
What is -3646 (base 10) in base 11?
-2815
Convert 1001111101010110 (base 2) to base 9.
61852
What is 563 (base 9) in base 16?
1ce
What is -50ce (base 15) in base 2?
-100001010101101
-21943 (base 12) to base 15
-d2ec
11294 (base 10) to base 5
330134
3e1 (base 15) to base 14
474
Convert d194 (base 15) to base 11.
30268
What is -5205 (base 6) in base 13?
-6b0
Convert -1113110 (base 4) to base 3.
-21122222
46683 (base 9) to base 11
21475
What is 227 (base 10) in base 13?
146
1201003 (base 5) to base 13
a027
8581 (base 13) to base 2
100100001011110
22011 (base 5) to base 12
a56
Convert 19c (base 16) to base 14.
216
Convert 3184 (base 10) to base 11.
2435
What is 10030 (base 5) in base 4?
22000
What is c91 (base 15) in base 13?
13a2
11212 (base 6) to base 10
1592
11210 (base 5) to base 3
1002211
Convert -28708 (base 9) to base 14.
-718d
-131221 (base 6) to base 9
-17364
-1956 (base 11) to base 8
-4661
100 (base 8) to base 14
48
-43 (base 11) to base 15
-32
2a4 (base 11) to base 5
2411
What is -9f (base 16) in base 2?
-10011111
34 (base 15) to base 2
110001
What is 21824 (base 10) in base 4?
11111000
What is 115c (base 14) in base 4?
233032
What is -5534 (base 11) in base 12?
-4281
-694 (base 12) to base 15
-451
-31126 (base 7) to base 13
-360a
-36 (base 15) to base 16
-33
-3d (base 15) to base 8
-72
What is -3131 (base 5) in base 15?
-1cb
Convert -9152 (base 10) to base 13.
-4220
Convert 146536 (base 7) to base 16.
7045
1970 (base 14) to base 3
20022121
What is 1335 (base 9) in base 5?
13004
What is -5777 (base 8) in base 13?
-1523
461 (base 11) to base 7
1415
Convert -2300 (base 6) to base 14.
-2a8
-457 (base 10) to base 9
-557
Convert -11015 (base 6) to base 2.
-10111110011
What is 8747 (base 11) in base 7?
45443
What is -20012302 (base 4) in base 6?
-413414
What is 1111110 (base 2) in base 7?
240
Convert 1b51 (base 13) to base 15.
134c
What is -10001110111 (base 2) in base 7?
-3222
What is 110212 (base 4) in base 6?
10034
Convert -453 (base 9) to base 14.
-1c8
What is 1143 (base 14) in base 3?
11010002
-64061 (base 8) to base 7
-140523
Convert -1214a (base 13) to base 5.
-2030221
What is -7122 (base 12) in base 13?
-5777
Convert 1210 (base 11) to base 5.
22314
Convert -1eb (base 16) to base 14.
-271
What is -11000001000 (base 2) in base 11?
-1184
-10202 (base 9) to base 5
-203400
What is -1191 (base 14) in base 3?
-11012121
-1000001110 (base 2) to base 9
-644
Convert 18ac (base 14) to base 11.
3399
Convert d2 (base 16) to base 14.
110
What is 16231 (base 7) in base 3?
20021121
742 (base 8) to base 2
111100010
What is -1702 (base 11) in base 3?
-2222202
Convert 1106 (base 13) to base 4.
211010
Convert -884 (base 16) to base 4.
-202010
Convert -2753 (base 10) to base 6.
-20425
Convert -244 (base 12) to base 9.
-417
44151 (base 8) to base 15
575c
-101331033 (base 4) to base 12
-36693
What is 326 (base 7) in base 13?
cb
240 (base 10) to base 14
132
What is 25 (base 15) in base 13?
29
Convert -13330 (base 5) to base 7.
-3115
Convert -c23a (base 14) to base 6.
-414300
Convert 167464 (base 8) to base 4.
32330310
What is -10111011 (base 2) in base 3?
-20221
-597d (base 14) to base 9
-23347
What is -457 (base 16) in base 13?
-676
Convert 50100 (base 6) to base 15.
1de6
11002 (base 5) to base 14
3ba
-112110 (base 3) to base 7
-1065
What is a38b (base 16) in base 3?
2010102122
What is 1011100000 (base 2) in base 10?
736
Convert 1014 (base 8) to base 7.
1346
1cc4b (base 13) to base 7
325141
a2b3 (base 15) to base 11
23904
What is 1111100011011 (base 2) in base 13?
3817
Convert -2004 (base 7) to base 9.
-846
332 (base 4) to base 2
111110
What is 94 (base 14) in base 15?
8a
Convert -533 (base 15) to base 9.
-1543
-3401 (base 7) to base 8
-2312
267 (base 16) to base 6
2503
Convert -10a02 (base 12) to base 4.
-11122202
Convert -8a43 (base 11) to base 14.
-44a5
Convert -4034243 (base 5) to base 12.
-31704
What is 31b1 (base 12) in base 4?
1111111
3256 (base 8) to base 15
790
Convert -1528 (base 9) to base 5.
-14120
Convert -112100 (base 4) to base 2.
-10110010000
22454 (base 8) to base 15
2c46
-1505404 (base 6) to base 13
-30652
What is -747 (base 11) in base 12?
-62a
What is 101214 (base 7) in base 15?
51a9
What is 3077 (base 9) in base 2?
100011010001
Convert 3051 (base 9) to base 11.
1750
What is -30b6 (base 14) in base 5?
-232032
Convert -804 (base 9) to base 16.
-28c
-1122 (base 11) to base 6
-10500
What is 7842 (base 14) in base 16?
5162
What is 23337 (base 8) in base 7?
41004
-3420 (base 9) to base 3
-10110200
454026 (base 7) to base 14
2154d
What is 1002202202 (base 3) in base 4?
11103011
What is -29a (base 13) in base 5?
-3330
What is -1631 (base 11) in base 6?
-13403
Convert -91a5 (base 14) to base 3.
-1021100022
What is 466 (base 9) in base 6?
1440
What is 2000211111 (base 3) in base 4?
21300211
What is 122110220 (base 3) in base 10?
12741
386 (base 12) to base 11
446
What is 31021 (base 5) in base 14?
a39
What is -128 (base 14) in base 8?
-350
-268 (base 9) to base 6
-1012
Convert 1010100001 (base 2) to base 14.
361
Convert 244501 (base 6) to base 3.
1002212201
Convert 331505 (base 6) to base 12.
13b95
What is -3330 (base 4) in base 16?
-fc
What is 222212 (base 5) in base 12?
4627
What is 375 (base 14) in base 13?
412
Convert 66b7 (base 12) to base 10.
11371
-111100011100 (base 2) to base 4
-330130
Convert 101566 (base 7) to base 6.
212431
-15421 (base 11) to base 5
-1144203
Convert 2001 (base 11) to base 12.
165b
Convert -1101010101111 (base 2) to base 8.
-15257
What is -533 (base 7) in base 16?
-10d
Convert -231 (base 10) to base 7.
-450
What is -57a (base 11) in base 16?
-2b4
Convert 403012 (base 6) to base 2.
111110000010000
Convert -100202012 (base 3) to base 11.
-5380
What is 2 (base 7) in base 13?
2
What is -213666 (base 7) in base 3?
-1220021200
Convert -374 (base 10) to base 6.
-1422
Convert 81 (base 12) to base 15.
67
36102 (base 8) to base 7
62655
24d1 (base 16) to base 11
7099
What is 51 (base 16) in base 15?
56
-22102 (base 5) to base 8
-2767
-5297 (base 10) to base 5
-132142
What is bd (base 15) in base 3?
20121
1304 (base 6) to base 12
234
What is -552b (base 12) in base 11?
-7071
What is 1403 (base 6) in base 8?
553
Convert -6504 (base 7) to base 8.
-4403
What is 2312 (base 7) in base 2?
1101001010
What is -100011000 (base 2) in base 15?
-13a
-5016 (base 11) to base 12
-3a40
Convert -450 (base 13) to base 16.
-2e5
What is 21695 (base 10) in base 5?
1143240
-8e33 (base 15) to base 16
-75f6
Convert -3dab (base 14) to base 3.
-112222212
What is 13662 (base 8) in base 16?
17b2
Convert 1106 (base 8) to base 3.
210120
What is -144 (base 7) in base 8?
-121
What is -3303 (base 4) in base 11?
-201
-101010111 (base 2) to base 6
-1331
42573 (base 8) to base 14
66a7
What is 220 (base 8) in base 11?
121
What is 5526 (base 8) in base 2?
101101010110
What is 1 (base 8) in base 6?
1
What is -2312331 (base 4) in base 13?
-5439
What is 13031 (base 5) in base 3?
1101122
Convert -111100 (base 2) to base 11.
-55
14141 (base 5) to base 2
10010010011
What is 10001001011 (base 2) in base 4?
101023
958 (base 11) to base 5
14102
830 (base 12) to base 15
543
-15040 (base 7) to base 5
-113034
-1213 (base 4) to base 9
-124
What is -2001300 (base 4) in base 11?
-626a
What is 96 (base 14) in base 16?
84
1035 (base 15) to base 10
3425
-30536 (base 8) to base 10
-12638
What is -1442 (base 7) in base 6?
-2345
What is -412 (base 7) in base 4?
-3031
-11310 (base 5) to base 14
-434
12114 (base 5) to base 12
639
Convert -2bb7 (base 12) to base 2.
-1010000111011
-902 (base 10) to base 5
-12102
Convert 23404 (base 5) to base 2.
11011000001
Convert -122 (base 7) to base 9.
-72
What is 1528 (base 9) in base 16?
488
21100 (base 3) to base 11
170
Wha